9821 a composite number?
False
Is 2134216001 prime?
True
Is 55908049853 prime?
True
Is 20346163021 a composite number?
False
Is 43517127029 prime?
True
Is 152475151 a prime number?
False
Is 563920543 prime?
False
Is 352124293 composite?
True
Is 3164415869 composite?
False
Is 75417021517 prime?
True
Is 23889856477 prime?
False
Is 9272270141 prime?
True
Is 2613289919 prime?
True
Is 1059514431 a prime number?
False
Is 11839155323 a prime number?
True
Is 495276253 a prime number?
True
Is 39687123317 a prime number?
False
Is 545619059 composite?
False
Is 81038648533 a composite number?
False
Is 765332439 prime?
False
Is 206420629 composite?
False
Is 245651999 prime?
True
Is 527359337 a composite number?
False
Is 204298109 a composite number?
True
Is 34790263429 composite?
False
Is 18652493 composite?
False
Is 552517379 a composite number?
False
Is 30857579 composite?
True
Is 59734673 a composite number?
False
Is 9649212509 a prime number?
True
Is 28796612707 prime?
True
Is 25088517011 prime?
True
Is 10808386109 a prime number?
False
Is 4564980049 a composite number?
True
Is 32297060179 a composite number?
False
Is 2661109111 a prime number?
False
Is 227973289 prime?
False
Is 21487613753 a prime number?
True
Is 55445559277 prime?
True
Is 36762268043 prime?
True
Is 277956871 a composite number?
True
Is 3239183531 a prime number?
True
Is 50514982697 composite?
False
Is 11188736547 prime?
False
Is 50599061 a prime number?
True
Is 3941193857 a prime number?
True
Is 59926793521 a composite number?
True
Is 5624855069 a prime number?
False
Is 5572869793 prime?
True
Is 1645795157 prime?
True
Is 8315588467 a composite number?
False
Is 234502231 a prime number?
True
Is 253899427 a composite number?
True
Is 280145627 prime?
True
Is 3925331303 prime?
True
Is 9256357601 composite?
True
Is 722005441 a composite number?
True
Is 1529907213 composite?
True
Is 3787105163 a composite number?
False
Is 686625737 a composite number?
True
Is 258126629 prime?
False
Is 3138817999 prime?
True
Is 14960567 prime?
True
Is 10451061683 composite?
False
Is 29357380222 composite?
True
Is 1432752901 prime?
True
Is 90846031 a composite number?
False
Is 2406288617 composite?
True
Is 2059611467 composite?
False
Is 6119700463 composite?
True
Is 255404713 a composite number?
False
Is 356117989 a prime number?
False
Is 99368651267 composite?
False
Is 65182441799 composite?
False
Is 3389734019 composite?
True
Is 588584921 a composite number?
False
Is 28628655295 composite?
True
Is 50382817469 prime?
True
Is 41468311337 a prime number?
True
Is 9735759589 a composite number?
True
Is 88043531 prime?
False
Is 19454544611 a prime number?
False
Is 69745553 composite?
True
Is 44662577 prime?
False
Is 56210664787 composite?
False
Is 5108292503 a prime number?
False
Is 3300587357 a composite number?
True
Is 1706939 composite?
True
Is 109842169553 a composite number?
False
Is 7309956529 a prime number?
True
Is 253883881367 prime?
False
Is 1023083245 composite?
True
Is 3082299098 composite?
True
Is 801511339 composite?
False
Is 152650367941 a prime number?
False
Is 23470457167 a prime number?
True
Is 1920225631 composite?
False
Is 13931253491 prime?
True
Is 315654901 a composite number?
False
Is 702299501 composite?
True
Is 61902645137 a composite number?
True
Is 2011718623 a composite number?
False
Is 9605610793 composite?
True
Is 10507684679 a composite number?
False
Is 8008877911 a composite number?
False
Is 7287420373 prime?
True
Is 59070309397 a composite number?
True
Is 5254683587 a prime number?
False
Is 30297397981 a prime number?
True
Is 11219985443 composite?
True
Is 7557746761 a prime number?
True
Is 13983925049 a prime number?
True
Is 2547079391 a composite number?
False
Is 2452512589 composite?
False
Is 1289801473 composite?
False
Is 4543050121 composite?
False
Is 2569288949 composite?
False
Is 2718668119 a composite number?
False
Is 4616911309 composite?
True
Is 3909758623 prime?
False
Is 486271139 a composite number?
False
Is 8571483857 prime?
True
Is 2185320239 composite?
False
Is 12560971673 composite?
True
Is 299930651 a composite number?
False
Is 97557085991 composite?
False
Is 18145785361 composite?
True
Is 713089343 prime?
False
Is 64993813 composite?
True
Is 10274409631 composite?
True
Is 2327923977 prime?
False
Is 2566648577 a composite number?
False
Is 3016971599 composite?
True
Is 975342419 composite?
False
Is 1305485897 prime?
True
Is 3983341337 a prime number?
True
Is 5016368837 a composite number?
False
Is 579600677647 composite?
False
Is 4077796139 composite?
False
Is 14012254847 prime?
False
Is 382195787 a composite number?
False
Is 11641584131 prime?
False
Is 910004047 a composite number?
True
Is 1280581279 composite?
True
Is 3695863879 composite?
True
Is 6158148371 a composite number?
False
Is 4630839337 prime?
False
Is 17664211363 composite?
True
Is 28922447831 composite?
False
Is 4675186519 composite?
False
Is 24700992013 prime?
True
Is 9153567587 prime?
True
Is 7300344839 prime?
False
Is 11709082961 a composite number?
False
Is 35966267459 prime?
False
Is 94024961962 composite?
True
Is 810009569 prime?
True
Is 850837709 prime?
False
Is 64975711 a composite number?
True
Is 440574920869 a prime number?
True
Is 844285621 composite?
False
Is 1029025015 prime?
False
Is 530091547 a composite number?
False
Is 3997679843 a composite number?
False
Is 27089713085 composite?
True
Is 36071380101 composite?
True
Is 1746133627 a composite number?
True
Is 368346074687 a prime number?
True
Is 8780564471 composite?
True
Is 12540525197 prime?
False
Is 54087815767 composite?
True
Is 4092706607 composite?
True
Is 113364330685 composite?
True
Is 31503209 a composite number?
False
Is 7448820517 a composite number?
True
Is 39298201 a prime number?
True
Is 620591831 prime?
True
Is 23488860949 prime?
True
Is 1280171549 a prime number?
True
Is 28337573549 a prime number?
True
Is 452507827 a prime number?
True
Is 440601701 composite?
False
Is 49211489 a composite number?
False
Is 8149186523 a prime number?
False
Is 1911322607 a composite number?
True
Is 2540728789 composite?
False
Is 218127037 a prime number?
True
Is 4094510243 prime?
False
Is 11478750893 a composite number?
True
Is 342774869 prime?
True
Is 158757081617 a composite number?
False
Is 633425909 composite?
True
Is 67641116393 a composite number?
False
Is 1349781193 prime?
False
Is 8371812403 a prime number?
True
Is 528139231 prime?
False
Is 1638503879 a composite number?
True
Is 479731547 a composite number?
True
Is 761387749 a prime number?
False
Is 31687150277 composite?
False
Is 5720052577 composite?
True
Is 408904499 composite?
False
Is 333760615 a composite number?
True
Is 1851343059 a composite number?
True
Is 17512587377 prime?
True
Is 631705443 composite?
True
Is 812673991 composite?
False
Is 72810669205 composite?
True
Is 17627663923 a prime number?
True
Is 12399803639 prime?
True
Is 1377323197 a prime number?
False
Is 3904241017 prime?
True
Is 2221778579 composite?
True
Is 1963543171 prime?
True
Is 3443225633 prime?
False
Is 76108061 a composite number?
True
Is 578496661 composite?
True
Is 1124291554 composite?
True
Is 1203846009 a prime number?
False
Is 1574781119 a prime number?
True
Is 5119606633 a composite number?
False
Is 1403680139 a composite number?
False
Is 6181284143 prime?
True
Is 1204453157 a prime number?
False
Is 7668977 a prime number?
True
Is 4272871531 composite?
True
Is 4889611037 a composite number?
False
Is 10550835371 prime?
True
Is 35342893307 prime?
True
Is 1230903803 composite?
True
Is 648899407 prime?
False
Is 955457903 a composite number?
True
Is 32448371287 a prime number?
False
Is 204905014019 a prime number?
False
Is 4188346849 a prime number?
False
Is 12213410037 a prime number?
False
Is 3022246009 prime?
False
Is 1899479083 prime?
True
Is 74536859 prime?
False
Is 5579607997 composite?
False
Is 11545003243 a prime number?
True
Is 4881339767 a prime number?
False
Is 7481195353 a composite number?
True
Is 392594299 composite?
False
Is 1383835703 prime?
True
Is 37560878279 a prime number?
True
Is 13127734013 prime?
True
Is 7654010839 a composite number?
False
Is 1023909149 prime?
False
Is 4288986811 composite?
False
Is 6347056481 a composite number?
True
Is 153695107 composite?
True
Is 1